124 (base 6) to base 2
-110100
122 (base 3) to base 8
21
100101 (base 2) to base 15
27
Convert -146 (base 10) to base 2.
-10010010
What is -1 (base 6) in base 14?
-1
Convert 5 (base 15) to base 5.
10
Convert 1312 (base 4) to base 11.
a8
Convert -2 (base 15) to base 8.
-2
Convert 13 (base 13) to base 11.
15
What is -101 (base 3) in base 10?
-10
What is -1100100 (base 2) in base 14?
-72
Convert -15 (base 9) to base 7.
-20
-1011001 (base 2) to base 3
-10022
-46 (base 13) to base 2
-111010
What is -4 (base 14) in base 6?
-4
Convert 1203 (base 4) to base 5.
344
3 (base 15) to base 8
3
48 (base 15) to base 12
58
4 (base 10) to base 12
4
16b (base 15) to base 14
194
Convert 1e (base 16) to base 3.
1010
What is -1001 (base 2) in base 14?
-9
Convert 21 (base 12) to base 4.
121
What is 8 (base 15) in base 3?
22
What is 1001000 (base 2) in base 9?
80
40 (base 8) to base 9
35
Convert -222 (base 3) to base 5.
-101
120 (base 16) to base 7
561
Convert -10 (base 2) to base 10.
-2
Convert -4 (base 7) to base 3.
-11
What is -1 (base 8) in base 3?
-1
What is 3 (base 15) in base 9?
3
What is -1 (base 16) in base 7?
-1
What is 100 (base 2) in base 14?
4
Convert -160 (base 14) to base 9.
-341
235 (base 6) to base 5
340
What is 27 (base 9) in base 13?
1c
Convert 111111 (base 2) to base 9.
70
What is 14 (base 8) in base 16?
c
Convert -1120 (base 4) to base 6.
-224
43 (base 7) to base 13
25
What is 378 (base 9) in base 10?
314
-3 (base 8) to base 16
-3
Convert -1 (base 11) to base 9.
-1
166 (base 7) to base 3
10121
Convert -19 (base 13) to base 9.
-24
Convert 0 (base 7) to base 5.
0
Convert 244 (base 7) to base 2.
10000010
Convert -11 (base 7) to base 15.
-8
2 (base 6) to base 4
2
Convert -2 (base 16) to base 8.
-2
-5 (base 11) to base 7
-5
Convert 13 (base 5) to base 12.
8
What is -1120 (base 3) in base 15?
-2c
Convert -13 (base 13) to base 6.
-24
-14 (base 5) to base 14
-9
Convert 12 (base 5) to base 3.
21
2 (base 11) to base 12
2
Convert 1 (base 15) to base 16.
1
What is 263 (base 9) in base 4?
3123
What is 105 (base 11) in base 4?
1332
Convert 1 (base 14) to base 7.
1
Convert -341 (base 6) to base 3.
-11221
-1000 (base 2) to base 14
-8
Convert -1000 (base 3) to base 16.
-1b
Convert -1 (base 15) to base 10.
-1
What is 12 (base 3) in base 16?
5
-45 (base 10) to base 15
-30
4 (base 9) to base 14
4
What is -32 (base 4) in base 12?
-12
Convert -191 (base 11) to base 5.
-1341
What is -35 (base 8) in base 11?
-27
What is -33 (base 5) in base 8?
-22
Convert -21 (base 12) to base 14.
-1b
Convert -101 (base 2) to base 6.
-5
2 (base 9) to base 6
2
What is 28 (base 14) in base 11?
33
5 (base 6) to base 7
5
Convert c6 (base 16) to base 9.
240
3 (base 12) to base 14
3
Convert 97 (base 16) to base 5.
1101
-3 (base 10) to base 11
-3
Convert 110 (base 7) to base 16.
38
What is 4 (base 12) in base 13?
4
What is 1212 (base 3) in base 9?
55
What is 3 (base 9) in base 16?
3
0 (base 16) to base 6
0
Convert 20 (base 14) to base 4.
130
22 (base 8) to base 13
15
What is -3 (base 7) in base 3?
-10
133 (base 5) to base 11
3a
What is -334 (base 5) in base 12?
-7a
156 (base 7) to base 13
6c
What is -1100011 (base 2) in base 16?
-63
3a (base 14) to base 11
48
-15 (base 11) to base 4
-100
-11 (base 2) to base 9
-3
-2 (base 8) to base 11
-2
What is -3 (base 11) in base 10?
-3
211 (base 3) to base 11
20
What is -4 (base 6) in base 2?
-100
What is -163 (base 8) in base 6?
-311
3 (base 13) to base 2
11
-1 (base 2) to base 11
-1
Convert -e8 (base 15) to base 10.
-218
Convert -8 (base 14) to base 12.
-8
Convert 6 (base 10) to base 11.
6
Convert -1 (base 2) to base 14.
-1
Convert 2 (base 6) to base 2.
10
200 (base 4) to base 13
26
-100010010 (base 2) to base 12
-1aa
What is 0 (base 4) in base 16?
0
What is 5 (base 12) in base 5?
10
12 (base 3) to base 11
5
-7 (base 16) to base 14
-7
-2220 (base 3) to base 12
-66
What is 32 (base 4) in base 15?
e
What is 5 (base 11) in base 10?
5
Convert -7 (base 8) to base 10.
-7
What is 10 (base 4) in base 13?
4
What is -20212 (base 3) in base 9?
-225
Convert 3 (base 7) to base 5.
3
What is 2 (base 8) in base 13?
2
Convert -11 (base 7) to base 10.
-8
Convert -1 (base 6) to base 8.
-1
76 (base 13) to base 5
342
-1211 (base 3) to base 11
-45
What is -3 (base 5) in base 3?
-10
9 (base 16) to base 10
9
-62 (base 15) to base 11
-84
Convert 23 (base 16) to base 2.
100011
Convert -11 (base 4) to base 5.
-10
What is 1110101 (base 2) in base 4?
1311
-13 (base 10) to base 5
-23
Convert -1 (base 4) to base 3.
-1
Convert -1a5 (base 11) to base 16.
-ec
-2 (base 3) to base 12
-2
Convert 112 (base 4) to base 8.
26
Convert -5 (base 11) to base 8.
-5
Convert -21 (base 10) to base 12.
-19
Convert 55 (base 8) to base 4.
231
Convert 100 (base 3) to base 14.
9
Convert 0 (base 16) to base 2.
0
Convert -104 (base 10) to base 3.
-10212
-121 (base 4) to base 7
-34
Convert -203 (base 7) to base 14.
-73
Convert -6 (base 14) to base 8.
-6
334 (base 5) to base 13
73
-22 (base 3) to base 5
-13
What is -42 (base 6) in base 13?
-20
What is 0 (base 16) in base 5?
0
What is 142 (base 7) in base 16?
4f
-6 (base 9) to base 14
-6
-13 (base 16) to base 7
-25
What is 1011 (base 2) in base 10?
11
1010110 (base 2) to base 14
62
What is 45 (base 12) in base 3?
1222
What is 8 (base 9) in base 8?
10
What is 1 (base 3) in base 14?
1
What is 1a8 (base 12) in base 14?
156
What is -117 (base 16) in base 7?
-546
Convert -2 (base 13) to base 15.
-2
What is -11011 (base 2) in base 3?
-1000
Convert 1 (base 4) to base 14.
1
Convert -1 (base 3) to base 11.
-1
52 (base 14) to base 13
57
What is -131 (base 5) in base 16?
-29
Convert -4 (base 12) to base 8.
-4
-1120 (base 4) to base 5
-323
What is -1 (base 16) in base 6?
-1
What is 13 (base 4) in base 11?
7
Convert -141 (base 6) to base 4.
-331
What is -55 (base 8) in base 14?
-33
-2 (base 9) to base 2
-10
What is -5 (base 16) in base 7?
-5
Convert -5 (base 9) to base 8.
-5
1 (base 11) to base 2
1
What is -6 (base 8) in base 12?
-6
-6 (base 12) to base 16
-6
-122 (base 4) to base 14
-1c
Convert -3 (base 16) to base 5.
-3
Convert -10001001 (base 2) to base 4.
-2021
What is 31 (base 4) in base 6?
21
What is 210 (base 3) in base 16?
15
-8b (base 15) to base 4
-2003
Convert -13 (base 16) to base 4.
-103
What is 132 (base 4) in base 11?
28
What is -17 (base 9) in base 3?
-121
a (base 13) to base 6
14
Convert -22122 (base 3) to base 2.
-11101001
Convert -10 (base 6) to base 14.
-6
What is -17 (base 16) in base 5?
-43
1 (base 14) to base 7
1
What is 21 (base 5) in base 3?
102
What is 4 (base 15) in base 14?
4
Convert 99 (base 12) to base 6.
313
-9 (base 10) to base 2
-1001
What is -ba (base 13) in base 12?
-109
7 (base 14) to base 3
21
-23 (base 4) to base 16
-b
1 (base 3) to base 4
1
What is 21 (base 8) in base 16?
11
What is 11 (base 8) in base 16?
9
What is 12 (base 13) in base 14?
11
Convert 2 (base 13) to base 4.
2
1 (base 12) to base 7
1
-3 (base 11) to base 4
-3
Convert 10 (base 4) to base 14.
4
-61 (base 15) to base 6
-231
Convert 1101 (base 2) to base 4.
31
What is 1c (base 15) in base 13?
21
Convert -13 (base 9) to base 5.
-22
47 (base 13) to base 14
43
What is -13 (base 5) in base 11?
-8
Convert -1122 (base 4) to base 12.
-76
Convert 23 (base 4) to base 3.
102
What is 4 (base 5) in base 14?
4
Convert -1000 (base 2) to base 14.
-8
What is 4 (base 6) in base 9?
4
Convert 40 (base 5) to base 8.
24
1 (base 6) to base 11
1
-51 (base 12) to base 14
-45
What is 39 (base 14) in base 11?
47
Convert -68 (base 16) to base 2.
-1101000
Convert 8 (base 15) to base 11.
8
What is -140 (base 6) in base 3?
-2020
Convert -13 (base 15) to base 12.
-16
-3 (base 9) to base 7
-3
What is 3 (base 4) in base 13?
3
Convert 5 (base 7) to base 9.
5
10000001 (base 2) to base 16
81
Convert -3 (base 10) to base 5.
-3
433 (base 7) to base 14
11a
What is 22 (base 16) in base 14?
26
Convert -7 (base 13) to base 7.
-10
Convert 111001 (base 2) to base 4.
321
101 (base 2) to base 10
5
What is -4 (base 12) in base 6?
-4
What is 12 (base 5) in base 11?
7
2 (base 16) to base 7
2
-2 (base 13) to base 9
-2
What is -100010 (base 2) in base 16?
-22
What is 1 (base 16) in base 4?
1
Convert -8 (base 9) to base 5.
-13
-4 (base 12) to base 14
-4
What is -1032 (base 5) in base 8?
-216
-6 (base 8) to base 3
-20
Wh